{"id":334,"date":"2018-11-18T09:56:26","date_gmt":"2018-11-18T09:56:26","guid":{"rendered":"http:\/\/pluginspoint.com\/dustrial\/?page_id=334"},"modified":"2020-10-05T15:38:38","modified_gmt":"2020-10-05T13:38:38","slug":"about-us","status":"publish","type":"page","link":"https:\/\/indunaval.com\/index.php\/about-us\/","title":{"rendered":"Nosotros"},"content":{"rendered":"<p>[vc_row css=&#8221;.vc_custom_1545996764528{padding-top: 60px !important;padding-bottom: 79px !important;}&#8221;][vc_column width=&#8221;1\/2&#8243; css=&#8221;.vc_custom_1545815615488{padding-top: 40px !important;}&#8221;][vc_tta_accordion][vc_tta_section title=&#8221;Nuestro proyecto sostenible&#8221; tab_id=&#8221;1545815887826-875bdcbf-c4ed&#8221;][vc_column_text]<img loading=\"lazy\" class=\"size-full wp-image-2260 alignleft\" src=\"https:\/\/indunaval.com\/wp-content\/uploads\/2020\/05\/nature-3289812_640-1.jpg\" alt=\"\" width=\"200\" height=\"133\" \/>Desde su fundaci\u00f3n la empresa ha defendido una pol\u00edtica de desarrollo, crecimiento y mejora dentro de unos m\u00e1rgenes de sostenibilidad que permiten una evoluci\u00f3n coherente con las pol\u00edticas medioambientales gubernamentales y aline\u00e1ndose de esta manera con el posicionamiento social que reivindica una industria eco-sostenible.<\/p>\n<p>Con estos valores Indunaval afronta cada uno de los proyectos intentando concienciar a clientes y cooperadores de la importancia de invertir en mejoras de sistemas, productos, procesos, etc. que aporten resultados eficaces dentro del marco del crecimiento sostenible.[\/vc_column_text][\/vc_tta_section][vc_tta_section title=&#8221;Nuestra empresa&#8221; tab_id=&#8221;1545815963671-a2dd8a52-831d&#8221;][vc_column_text]<img loading=\"lazy\" class=\"size-full wp-image-2262 alignleft\" src=\"https:\/\/indunaval.com\/wp-content\/uploads\/2020\/05\/i-31-1.jpg\" alt=\"\" width=\"200\" height=\"148\" \/><\/p>\n<p>La actividad de Varaderos y Talleres del Mediterr\u00e1neo (VATAME)\u00a0se inicia en 1991 y en cooperaci\u00f3n con Industrias Navales Valencia (INDUNAVAL) para hacerse cargo del Varadero del Puerto de Burriana situado a 70 Km\u00a0al norte de valencia y a 20 Km al sur de Castell\u00f3n.<\/p>\n<p>VATAME-INDUNAVAL acoge diariamente en sus instalaciones la varada de buques de todo tipo que requieren servicios como reparaci\u00f3n, ampliaciones, modificaciones y transformaciones, etc.<\/p>\n<p>Gracias a las ampliaciones y mejoras que se han ido desarrollando desde entonces, VATAME-INDUNAVAL est\u00e1 hoy por hoy capacitada para albergar en su varadero a buques de cualquier clase. Las caracter\u00edsticas de las instalaciones de Varadero son:<\/p>\n<ul>\n<li>1 carro de varada para buques hasta 120 mts de eslora y 3.500 Tn de peso en rosca.<\/li>\n<li>1 carro de varada para buques hasta 90 mts de eslora y 1.500 Tn de peso en rosca.<\/li>\n<li>Manga m\u00e1xima de 25 mts.<\/li>\n<li>2 gr\u00faas de 8 Tn<\/li>\n<li>Muelle propio de 130 mts y muelles de armamento del puerto de 50, 70 y 200 mts para reparaciones a flote.<\/li>\n<li>2 embarcaciones auxiliares y una embarcaci\u00f3n de servicio de pr\u00e1cticos<\/li>\n<\/ul>\n<p>&nbsp;<\/p>\n<p>El equipamiento de maquinaria del que dispone VATAME-INDUNAVAL consta de:<\/p>\n<ul>\n<li>2 bombas de hidrolimpieza de 600 bars y alto caudal<\/li>\n<li>1 bomba de 1250 bars para chorreo con agua (hydroblasting)<\/li>\n<li>5 compresores<\/li>\n<li>6 equipos de chorro de arena, equipos de pintado airless, etc.<\/li>\n<li>Fresadoras y tornos hasta 6 metros y 1200 mm. de volteo<\/li>\n<li>Equipos de soldadura hasta arco sumergido, corte por plasma, etc.<\/li>\n<li>1 mesa de oxicorte por control num\u00e9rico<\/li>\n<li>1 cizalla hasta 12 mm., dobladora, cilindro, prensa hidr\u00e1ulica, etc.<\/li>\n<li>1 equipo de limpieza por ultrasonidos de 3 m<sup>3<\/sup><\/li>\n<li>1 horno para barnizado de equipos el\u00e9ctricos de 6 m<sup>3<\/sup><\/li>\n<\/ul>\n<p>&nbsp;<\/p>\n<p>VATAME e INDUNAVAL realizan para cada proyecto una rigurosa planificaci\u00f3n pensando en la optimizaci\u00f3n de los recursos ya sea de car\u00e1cter econ\u00f3mico como material y humano. Esta clase de iniciativas permiten que los trabajos se realicen de forma eficiente mejorando progresivamente aspectos tan representativos como los plazos de ejecuci\u00f3n, optimizaci\u00f3n de costes, etc.<\/p>\n<p>Los servicios gen\u00e9ricos que se pueden encontrar en VATAME e INDANAVAL son:<\/p>\n<ul>\n<li>Limpieza de cascos con agua a presi\u00f3n<\/li>\n<li>Chorreo con arena<\/li>\n<li>Chorreo con agua (hydroblasting)<\/li>\n<li>Limpiezas de sentinas, tanques, etc<\/li>\n<li>Renovaci\u00f3n de \u00e1nodos<\/li>\n<li>Revisi\u00f3n de fondos, descargas y v\u00e1lvulas de todo tipo, etc.<\/li>\n<li>Servicio MARPOL y retirada de residuos<\/li>\n<li>Pintado de casco, cubiertas, tanques, etc.<\/li>\n<li>Soldadura, reparaci\u00f3n de acero y calderer\u00eda, reparaciones en aluminio; contamos con procedimientos de soldadura y soldadores homologados por las Sociedades de clasificaci\u00f3n m\u00e1s importantes<\/li>\n<li>Tuber\u00eda tanto reparaci\u00f3n como nuevas instalaciones<\/li>\n<li>Desmontaje y reconocimientos de ejes de cola y timones, h\u00e9lices de proa, etc.<\/li>\n<li>Reparaciones de mec\u00e1nica de motores principales y auxiliares, bombas de todo tipo en c\u00e1mara de m\u00e1quinas, bombas de carga, equipos de cubierta y fondeo, etc.<\/li>\n<li>Revisi\u00f3n de gr\u00faas y pescantes<\/li>\n<li>Electricidad naval en general; revisi\u00f3n, limpieza y barnizado de motores el\u00e9ctricos y alternadores, etc.<\/li>\n<li>Medici\u00f3n de espesores con certificaci\u00f3n por las Sociedades de clasificaci\u00f3n m\u00e1s importantes<\/li>\n<li>Asistencia t\u00e9cnica e Ingenier\u00eda<\/li>\n<\/ul>\n<p>[\/vc_column_text][\/vc_tta_section][vc_tta_section title=&#8221;Nuestro personal&#8221; tab_id=&#8221;1545815887786-0c10bad3-b8fb&#8221;][vc_column_text]<img loading=\"lazy\" class=\"size-full wp-image-2261 alignleft\" src=\"https:\/\/indunaval.com\/wp-content\/uploads\/2020\/05\/I-36.png\" alt=\"\" width=\"200\" height=\"147\" \/><\/p>\n<p>La clave de nuestra permanencia a la cabeza del sector es debida a la gran competencia e innovaci\u00f3n que se llevan a cabo en cada uno de los proyectos de Indunaval. Cada proyecto es abordado de forma personalizada y a medida, para ello contamos con la labor de profesionales con un alto grado de formaci\u00f3n, capacitaci\u00f3n y experiencia.<\/p>\n<p>El cliente tiene una atenci\u00f3n personalizada en todas las \u00e1reas de la empresa que genera el clima de confianza y seguridad, condiciones necesarias para la creaci\u00f3n de un flujo de trabajo productivo entre cliente y empresa.<\/p>\n<p>La relaci\u00f3n directa con el cliente es conferida a diferentes departamentos, los cuales est\u00e1n formados por grandes profesionales.<\/p>\n<p>Las \u00e1reas de relaci\u00f3n directa son:<\/p>\n<ul>\n<li>Atenci\u00f3n comercial<\/li>\n<li>Departamento de ingenier\u00eda y asistencia t\u00e9cnica<\/li>\n<li>Departamento administraci\u00f3n<\/li>\n<\/ul>\n<p>[\/vc_column_text][\/vc_tta_section][\/vc_tta_accordion][\/vc_column][vc_column css_animation=&#8221;fadeInUp&#8221; width=&#8221;1\/2&#8243; el_class=&#8221;about-faq&#8221; css=&#8221;.vc_custom_1545996747838{padding-top: 40px !important;padding-bottom: 15px !important;}&#8221;][vc_row_inner][vc_column_inner width=&#8221;1\/2&#8243;][vc_single_image image=&#8221;2259&#8243; img_size=&#8221;full&#8221; alignment=&#8221;center&#8221; css_animation=&#8221;fadeIn&#8221; css=&#8221;.vc_custom_1588326198215{margin-bottom: 25px !important;}&#8221;][\/vc_column_inner][vc_column_inner width=&#8221;1\/2&#8243;][vc_single_image image=&#8221;2258&#8243; img_size=&#8221;full&#8221; alignment=&#8221;center&#8221; css_animation=&#8221;fadeIn&#8221; css=&#8221;.vc_custom_1588326209644{margin-bottom: 25px !important;}&#8221;][\/vc_column_inner][\/vc_row_inner][vc_column_text css_animation=&#8221;fadeInUp&#8221; css=&#8221;.vc_custom_1601904812369{margin-bottom: 0px !important;}&#8221;]<\/p>\n<h3 class=\"about-right-title\"><strong>VATAME-INDUNAVAL tiene su sede en la comunidad valenciana con gran actividad en los puertos del arco mediterr\u00e1neo espa\u00f1ol, desplaz\u00e1ndonos si es necesario a cualquier parte del mundo<\/strong>.<\/h3>\n<p>Nuestra principal actividad es el servicio integral de reparaciones para el sector naval, realizando todo tipo de ellas en cualquier tipo de buque o artefacto flotante.<\/p>\n<p>Desde la fundaci\u00f3n de la empresa seguimos creciendo continuamente en profesionalidad y experiencia, lo que garantiza un objetivo presente y futuro claro y s\u00f3lido.[\/vc_column_text][\/vc_column][\/vc_row]<\/p>\n","protected":false},"excerpt":{"rendered":"<p>[vc_row css=&#8221;.vc_custom_1545996764528{padding-top: 60px !important;padding-bottom: 79px !important;}&#8221;][vc_column width=&#8221;1\/2&#8243; css=&#8221;.vc_custom_1545815615488{padding-top: 40px !important;}&#8221;][vc_tta_accordion][vc_tta_section title=&#8221;Nuestro proyecto sostenible&#8221; tab_id=&#8221;1545815887826-875bdcbf-c4ed&#8221;][vc_column_text]Desde su fundaci\u00f3n la empresa ha defendido una pol\u00edtica de desarrollo, crecimiento y mejora dentro de unos m\u00e1rgenes de sostenibilidad que permiten una evoluci\u00f3n coherente con las pol\u00edticas medioambientales gubernamentales y aline\u00e1ndose de esta manera con el posicionamiento social que reivindica una [&hellip;]<\/p>\n","protected":false},"author":1,"featured_media":0,"parent":0,"menu_order":0,"comment_status":"closed","ping_status":"closed","template":"page-template\/blank-page-sidebar.php","meta":[],"_links":{"self":[{"href":"https:\/\/indunaval.com\/index.php\/wp-json\/wp\/v2\/pages\/334"}],"collection":[{"href":"https:\/\/indunaval.com\/index.php\/wp-json\/wp\/v2\/pages"}],"about":[{"href":"https:\/\/indunaval.com\/index.php\/wp-json\/wp\/v2\/types\/page"}],"author":[{"embeddable":true,"href":"https:\/\/indunaval.com\/index.php\/wp-json\/wp\/v2\/users\/1"}],"replies":[{"embeddable":true,"href":"https:\/\/indunaval.com\/index.php\/wp-json\/wp\/v2\/comments?post=334"}],"version-history":[{"count":8,"href":"https:\/\/indunaval.com\/index.php\/wp-json\/wp\/v2\/pages\/334\/revisions"}],"predecessor-version":[{"id":2388,"href":"https:\/\/indunaval.com\/index.php\/wp-json\/wp\/v2\/pages\/334\/revisions\/2388"}],"wp:attachment":[{"href":"https:\/\/indunaval.com\/index.php\/wp-json\/wp\/v2\/media?parent=334"}],"curies":[{"name":"wp","href":"https:\/\/api.w.org\/{rel}","templated":true}]}}