{"id":2368,"date":"2020-09-07T17:38:17","date_gmt":"2020-09-07T15:38:17","guid":{"rendered":"https:\/\/indunaval.com\/?page_id=2368"},"modified":"2024-12-05T10:52:47","modified_gmt":"2024-12-05T09:52:47","slug":"politica-de-calidad-y-gestion-ambiental","status":"publish","type":"page","link":"https:\/\/indunaval.com\/index.php\/politica-de-calidad-y-gestion-ambiental\/","title":{"rendered":"Pol\u00edtica de calidad y gesti\u00f3n ambiental"},"content":{"rendered":"<p>[vc_row][vc_column][vc_column_text]<\/p>\n<h2><\/h2>\n<p>&nbsp;<\/p>\n<h2>La Direcci\u00f3n de VARADEROS Y TALLERES DEL MEDITERRANEO, S.A . se compromete a:<\/h2>\n<p><em>\u00a0<\/em><\/p>\n<ul>\n<li><em>La Direcci\u00f3n de VARADEROS Y TALLERES DEL MEDITERRANEO, S.A. consciente de las nuevas reglas de competencia en el \u00e1mbito comunitario, as\u00ed como de las tendencias que paulatinamente se van introduciendo en materia de calidad y medioambiente, quiere iniciar una nueva etapa en que la calidad y el medioambiente aglutine todos nuestros esfuerzos. Ser\u00e1 nuestro objetivo irrenunciable trabajar al nivel que marcan las normas internacionales UNE-EN-ISO 9001:2015 y UNE-EN-ISO 14001:2015, y asegurar que nuestros productos cumplen con los requisitos legales, reglamentarios y especificaciones de cliente que en cada caso les afecten.<\/em><\/li>\n<li><em>Hacer prevalecer la satisfacci\u00f3n de nuestros clientes, es nuestra verdadera preocupaci\u00f3n, cumpliendo con los requisitos del cliente y los legales y reglamentarios, como punto de partida hacia la mejora continua de la eficacia de la empresa\u201d.<\/em><\/li>\n<li><em>Esta pol\u00edtica de calidad y gesti\u00f3n medioambiental est\u00e1 orientada a alcanzar y mantener una cartera s\u00f3lida de clientes mediante la correcta gesti\u00f3n de los residuos generados y la calidad obtenida como empresa especializada en varada de barcos (puesta en seco) para limpieza integral del casco con chorreo de granalla y agua, limpieza integral de tanques de gasoil, lastre, agua y aceite, pintado exterior e interior de barcos, servicios en varada de gr\u00faa, conexi\u00f3n de agua, electricidad y contraincendios, adem\u00e1s de la gesti\u00f3n de los residuos producidos en las instalaciones del varadero incluidos los generados en el mantenimiento y reparaci\u00f3n de buques, en un ambiente de responsabilidad absoluta y constante.<\/em><\/li>\n<li><em>La Direcci\u00f3n<\/em><em> asume los compromisos de desarrollar y mantener un Sistema de Gesti\u00f3n Ambiental adaptado a la naturaleza de las actividades que desarrolla VARADEROS Y TALLERES DEL MEDITERRANEO, S.A.<\/em><\/li>\n<li><em>Reducir el impacto ambiental de las actividades de la empresa en el marco de la mejora continua.<\/em><\/li>\n<li><em>Cumplir con los requisitos ambientales establecidos por la legislaci\u00f3n aplicable a las actividades de VARADEROS Y TALLERES DEL MEDITERRANEO, S.A.<\/em><\/li>\n<li><em>Establecer objetivos y metas ambientales cuantificables y revisarlos peri\u00f3dicamente.<\/em><\/li>\n<li><em>Cumplir con la debida transparencia medioambiental con las administraciones e instituciones.<\/em><\/li>\n<li><em>Fomentar la reducci\u00f3n de residuos, la reutilizaci\u00f3n y el reciclaje de los mismos para la prevenci\u00f3n de la contaminaci\u00f3n.<\/em><\/li>\n<\/ul>\n<p><em>\u00a0<\/em><\/p>\n<p>VARADEROS Y TALLERES DEL MEDITERRANEO, S.A. determina las cuestiones externas o internas que son pertinentes para su prop\u00f3sito y su direcci\u00f3n estrat\u00e9gica, realiza un an\u00e1lisis de la informaci\u00f3n interna y externa, estableciendo acciones para reducir o eliminar sus riesgos y potenciar sus oportunidades.<\/p>\n<p>&nbsp;<\/p>\n<p>La Direcci\u00f3n de <em>VARADEROS Y TALLERES DEL MEDITERRANEO, S.A. <\/em>se compromete a proporcionar los recursos materiales y humanos que sean necesarios para la consecuci\u00f3n de los mencionados objetivos, en el convencimiento de que el coste que ello implique no es otra cosa que una inversi\u00f3n rentable. La Pol\u00edtica de Calidad y Medioambiente se dar\u00e1 a conocer a todo el personal de la empresa mediante comunicaciones internas de la misma, asegurando su total entendimiento.<\/p>\n<p><em>\u00a0<\/em><\/p>\n<p>En Burriana a 25 de Junio de 2024. LA DIRECCI\u00d3N, M\u00f3nica Gallego Hern\u00e1ndez[\/vc_column_text][vc_column_text][\/vc_column_text][\/vc_column][\/vc_row]<\/p>\n","protected":false},"excerpt":{"rendered":"<p>[vc_row][vc_column][vc_column_text] &nbsp; La Direcci\u00f3n de VARADEROS Y TALLERES DEL MEDITERRANEO, S.A . se compromete a: \u00a0 La Direcci\u00f3n de VARADEROS Y TALLERES DEL MEDITERRANEO, S.A. consciente de las nuevas reglas de competencia en el \u00e1mbito comunitario, as\u00ed como de las tendencias que paulatinamente se van introduciendo en materia de calidad y medioambiente, quiere iniciar una [&hellip;]<\/p>\n","protected":false},"author":1,"featured_media":0,"parent":0,"menu_order":0,"comment_status":"closed","ping_status":"closed","template":"page-template\/blank-page-sidebar.php","meta":[],"_links":{"self":[{"href":"https:\/\/indunaval.com\/index.php\/wp-json\/wp\/v2\/pages\/2368"}],"collection":[{"href":"https:\/\/indunaval.com\/index.php\/wp-json\/wp\/v2\/pages"}],"about":[{"href":"https:\/\/indunaval.com\/index.php\/wp-json\/wp\/v2\/types\/page"}],"author":[{"embeddable":true,"href":"https:\/\/indunaval.com\/index.php\/wp-json\/wp\/v2\/users\/1"}],"replies":[{"embeddable":true,"href":"https:\/\/indunaval.com\/index.php\/wp-json\/wp\/v2\/comments?post=2368"}],"version-history":[{"count":10,"href":"https:\/\/indunaval.com\/index.php\/wp-json\/wp\/v2\/pages\/2368\/revisions"}],"predecessor-version":[{"id":2640,"href":"https:\/\/indunaval.com\/index.php\/wp-json\/wp\/v2\/pages\/2368\/revisions\/2640"}],"wp:attachment":[{"href":"https:\/\/indunaval.com\/index.php\/wp-json\/wp\/v2\/media?parent=2368"}],"curies":[{"name":"wp","href":"https:\/\/api.w.org\/{rel}","templated":true}]}}